{"id":12,"date":"2018-09-27T17:41:15","date_gmt":"2018-09-27T17:41:15","guid":{"rendered":"http:\/\/retrieveahrcup.drc-koeln-bonn.de\/?page_id=12"},"modified":"2018-09-27T17:50:59","modified_gmt":"2018-09-27T17:50:59","slug":"anfahrt","status":"publish","type":"page","link":"http:\/\/retrieveahrcup.drc-koeln-bonn.de\/index.php\/anfahrt\/","title":{"rendered":"Anfahrt"},"content":{"rendered":"<p>Die Pr\u00fcfung findet in der Gegend um 53474 Bad Neuenahr statt.<br \/>\n<b><\/b><\/p>\n<p><b>Adresse f\u00fcrs NAVI<\/b>: Im Dellmich, 53474 Bad Neuenahr.<\/p>\n<p>Von dort aus f\u00fchrt der Weg direkt durch die Weinberge.<\/p>\n<p>Bitte der DRC-Beschilderung folgen bis zur Hemmessener H\u00fctte.<\/p>\n<p><iframe loading=\"lazy\" style=\"border: 0;\" src=\"https:\/\/www.google.com\/maps\/embed?pb=!1m18!1m12!1m3!1d2535.080455445081!2d7.126013616058607!3d50.55127377948936!2m3!1f0!2f0!3f0!3m2!1i1024!2i768!4f13.1!3m3!1m2!1s0x47befbe4206cde8d%3A0x296a97f8dbaf485f!2sIm+Dellmich%2C+53474+Bad+Neuenahr-Ahrweiler!5e0!3m2!1sde!2sde!4v1538070615990\" width=\"600\" height=\"450\" frameborder=\"0\" allowfullscreen=\"allowfullscreen\"><\/iframe><\/p>\n","protected":false},"excerpt":{"rendered":"<p>Die Pr\u00fcfung findet in der Gegend um 53474 Bad Neuenahr statt. Adresse f\u00fcrs NAVI: Im Dellmich, 53474 Bad Neuenahr. Von dort aus f\u00fchrt der Weg direkt durch die Weinberge. Bitte der DRC-Beschilderung folgen bis zur Hemmessener H\u00fctte.<\/p>\n","protected":false},"author":1,"featured_media":0,"parent":0,"menu_order":3,"comment_status":"closed","ping_status":"closed","template":"","meta":[],"_links":{"self":[{"href":"http:\/\/retrieveahrcup.drc-koeln-bonn.de\/index.php\/wp-json\/wp\/v2\/pages\/12"}],"collection":[{"href":"http:\/\/retrieveahrcup.drc-koeln-bonn.de\/index.php\/wp-json\/wp\/v2\/pages"}],"about":[{"href":"http:\/\/retrieveahrcup.drc-koeln-bonn.de\/index.php\/wp-json\/wp\/v2\/types\/page"}],"author":[{"embeddable":true,"href":"http:\/\/retrieveahrcup.drc-koeln-bonn.de\/index.php\/wp-json\/wp\/v2\/users\/1"}],"replies":[{"embeddable":true,"href":"http:\/\/retrieveahrcup.drc-koeln-bonn.de\/index.php\/wp-json\/wp\/v2\/comments?post=12"}],"version-history":[{"count":3,"href":"http:\/\/retrieveahrcup.drc-koeln-bonn.de\/index.php\/wp-json\/wp\/v2\/pages\/12\/revisions"}],"predecessor-version":[{"id":23,"href":"http:\/\/retrieveahrcup.drc-koeln-bonn.de\/index.php\/wp-json\/wp\/v2\/pages\/12\/revisions\/23"}],"wp:attachment":[{"href":"http:\/\/retrieveahrcup.drc-koeln-bonn.de\/index.php\/wp-json\/wp\/v2\/media?parent=12"}],"curies":[{"name":"wp","href":"https:\/\/api.w.org\/{rel}","templated":true}]}}